ppose 3*d - u = 1. Suppose d = 5*t - 4. What is the units digit of t?
1
Let z(j) = -j**2 - 2*j + 1. Let i(g) = -g**3 + 3*g**2 + 2*g + 4. Let x be i(4). Let u be z(x). Let w = u + 10. What is the units digit of w?
3
Let j be (-3)/6*(-31 - -1). Suppose j = -g + 2. Let b = g + 25. What is the units digit of b?
2
Let d = -5 - -11. What is the units digit of d?
6
Let w(c) = 28*c**3 + 3*c**2 - 2*c - 4. What is the tens digit of w(2)?
2
Suppose -3*b + 301 - 13 = 0. Suppose -g = -4*g + b. What is the units digit of g?
2
Let d be -1 - (-7 + (-2)/(-1)). Suppose -2*l = d*a - 7*l - 26, -a + 10 = -3*l. What is the units digit of a?
4
Let w(c) = c**2 + 7*c + 3. Let d be w(-5). Let z = d + 17. What is the units digit of z?
0
Let f = -279 + 490. What is the tens digit of f?
1
Let y = 84 - 49. What is the units digit of y?
5
Let l be 3*1*42/(-9). Let p = l - -22. What is the units digit of p?
8
Let c = 9 + -25. What is the units digit of (2 + -3)/(2/c)?
8
Suppose 26 = 4*x + 82. Let o(u) = u + 31. What is the tens digit of o(x)?
1
Suppose 5*l = y - 9, l + 1 = 2*y - 8. Suppose v - 90 = -4*v - 5*f, -78 = -y*v - f. What is the units digit of v?
0
Let t(l) = -l**2 + 14*l + 22. Let b be t(15). Suppose -3*m - 144 = -b*m. What is the units digit of m?
6
Let c(s) = -s**2 + 6*s - 6. Let z be c(6). Let u = -4 - z. What is the units digit of u?
2
Suppose 0 = 4*w - 53 + 1. What is the tens digit of w?
1
Suppose 58 + 82 = 4*f. What is the tens digit of f?
3
Let r(h) = 0 + h**2 + 18 - 3*h + 16*h. What is the units digit of r(-12)?
6
Let o be 77/(-28) - (-2)/(-8). Let i = o + 28. What is the units digit of i?
5
Let m(q) = q**2 + 34*q + 15. What is the units digit of m(-36)?
7
Let d(o) = o**3 - 5*o**2 - 5*o - 3. Let n be d(6). Suppose 0*a + 12 = n*m + 3*a, 3*m = a + 20. What is the units digit of m?
6
Let j be 36/(-10) + (-2)/5. What is the units digit of 132/20 - j/10?
7
Suppose 0 = 4*a - 2*a + 6. What is the units digit of (4/(-5))/(a/60)?
6
Suppose -1 + 25 = 4*v - 3*a, 5*v - a = 30. Let w(s) = s + 2. Let m be w(11). Let t = m - v. What is the units digit of t?
7
Let d be (2 - (0 - 0)) + 1. Let x be -5*-2*d/15. Suppose -2*l - x*l - 3*r = 0, 3*r - 3 = -5*l. What is the units digit of l?
3
Suppose -1736 + 360 = -8*o. What is the hundreds digit of o?
1
Let d(f) = -f**3 - 8*f**2 - 3*f + 8. Let h be d(-8). Suppose -h = 15*n - 11*n. What is the units digit of (92/(-16))/(2/n)?
3
Suppose 13*w - 5*w - 840 = 0. What is the hundreds digit of w?
1
Let j be (-2)/(-4)*(-14)/(-1). Suppose -18 = -j*i + 5*i. What is the units digit of i?
9
Suppose 2*a - 385 = -5*a. What is the tens digit of a?
5
Let s(x) = x**3 + 10*x**2 + 8*x - 5. Let j be s(-9). Let w(k) = 2*k - 4. What is the units digit of w(j)?
4
Let o(p) = 2*p**2 - 3*p + 3. Let j(h) = h**3 + 5*h**2 + 3*h - 2. Let b be j(-4). What is the units digit of o(b)?
5
Let a(f) = f**2 - 2*f - 5. Let r be a(4). Let p be ((-12)/r)/(6/(-3)). Suppose 0*w + p*w - 10 = 0. What is the units digit of w?
5
Suppose 67 = 4*r - i, -5*i + 183 = 5*r + 68. Let b = r + -6. Let j(n) = n**3 - 11*n**2 - 10*n - 9. What is the units digit of j(b)?
5
Let p be (-4)/(-14) - (-183)/21. Suppose -p + 3 = -3*a. Let t = a + 3. What is the units digit of t?
5
What is the units digit of (-2)/(-8) + 2968/32?
3
Let a be -19 + (-4 - (1 + -3)). What is the units digit of a/(-4) - (-5)/(-20)?
5
Let m(w) be the third derivative of w**6/60 - w**4/24 - w**3/3 + 6*w**2. What is the tens digit of m(2)?
1
Suppose 366 = 9*n - 768. What is the hundreds digit of n?
1
Let v(d) = 11*d**3 - d**2 + d. Suppose 2*j + 3*j - 5 = 0. What is the tens digit of v(j)?
1
Let v be (-82)/(-8) + (-2)/8. Let k = -19 + v. What is the units digit of k*2/(-3) - -2?
8
Let u(b) = -2*b + 2. Let i be u(2). Let c be i/(-2) + 0 - -3. Suppose -c*v = 8, 2*k + 2 = -0*k - 4*v. What is the units digit of k?
3
Suppose 5*k = 8 + 2. Suppose k*r - 3*m = 7*r - 160, m = 5. What is the tens digit of r?
2
Suppose -g + 5 = 0, -5*g = -3*i - 9 - 1. Let w be -3*(1 + 2/(-6)). Let l = i + w. What is the units digit of l?
3
Let y = 10 + -2. Let f(i) = 4*i. What is the units digit of f(y)?
2
Let v be 6 - 0/((-2)/(-2)). Let w = 2 - v. Let y = w + 5. What is the units digit of y?
1
Suppose b = 5*o - 11, -4*b + 4 - 16 = -4*o. Let v = o - -7. What is the units digit of v?
9
Suppose -2*t - 63 = 5*l, 7 + 15 = -2*l - 4*t. Let j = l + 36. What is the units digit of j?
3
Let t = 45 - 34. What is the units digit of t?
1
Suppose -4*p = -3*u - 63, 0 = -p + 3*u - 7 + 34. Let i = -9 + p. What is the units digit of i?
3
What is the units digit of (414/(-12))/((-3)/((-36)/(-2)))?
7
Let g(d) = d**3 + 16*d**2 + 19*d - 4. What is the hundreds digit of g(-14)?
1
What is the units digit of 15*1*2/6?
5
Let z(k) = -2. Let r(x) = -2*x - 20. Let g(l) = 2*r(l) - 14*z(l). What is the units digit of g(-9)?
4
Let c = 14 - 24. Let d = 5 - c. What is the tens digit of d?
1
Let n = -6 - -12. Let j = 6 - n. Suppose 0 = k - j*k - 5. What is the units digit of k?
5
Let b(d) = 15*d - 53. What is the tens digit of b(27)?
5
Suppose -8 = -3*u + 4*u - 5*d, -3*u + d + 18 = 0. Suppose 6*w = 8*w + 10. Let z = u - w. What is the tens digit of z?
1
Let t(f) = -28*f + 5. What is the units digit of t(-3)?
9
Suppose 2*f = -0*f + 34. Let y(t) = t + 5. Let v be y(-5). What is the tens digit of (f - 2) + v + -1?
1
Let o = 68 + -54. What is the tens digit of o?
1
Suppose -2*q + 53 = -5*x, -3*x - 9 = 6. Suppose -4*m + 3*m = -q. What is the units digit of m?
4
Suppose -3*l + l = 28. Let s = l + 25. What is the units digit of s?
1
Let c(s) be the second derivative of 11*s**3/3 - s**2/2 + 2*s. What is the units digit of c(1)?
1
Suppose -3*c - 2*c = 4*r - 25, -5*c = 5*r - 30. Let l be (c - (3 + -3)) + -9. What is the tens digit of (42/l)/(12/(-32))?
1
Let v(x) = x**3 + 6*x**2 - 14*x - 3. What is the tens digit of v(-7)?
4
Let b be (-33)/(-6) - 2/4. Suppose -3*m = -3, -5*m - 20 = -b*s - 0*s. What is the tens digit of s/(0 + (-3)/(-6))?
1
Let x = 798 + -528. What is the hundreds digit of x?
2
Let d = 6 - 3. Let v = d + 26. What is the tens digit of v?
2
Let a(v) = 10*v + 1. Let m be a(-1). Let o be 2/7 - 120/28. Let j = o - m. What is the units digit of j?
5
What is the units digit of ((-5)/3)/(10/(-6))?
1
Let r be -58 - (-2 + 3 + 0). Let m = r + 91. What is the units digit of m?
2
Let m = -9 + 5. Let j(q) = q**2 + 2 - 6 + 0 + 2*q - 1. What is the units digit of j(m)?
3
Suppose 4 = -2*p, -3*p - p = 5*j - 312. Suppose 5*v + 4 = j. What is the tens digit of v?
1
Let r = 0 - -2. What is the units digit of 2 - -10*r/2?
2
Suppose 0 = -2*h + 3 + 9. Let t be ((-2)/(-4)*h)/1. Suppose 0 = -5*g + 4*b + 50, -t*g - b + 2 = -45. What is the units digit of g?
4
Suppose -5*k = -z - 1678 - 334, -9 = -3*z. What is the tens digit of k?
0
Let c(r) = -r**3 - 4*r**2 - 3*r + 4. Let f be c(-3). Let q = 11 + f. What is the units digit of q?
5
Suppose 3*h - 3*f - 2*f - 305 = 0, h - 2*f - 103 = 0. What is the units digit of h?
5
Let l be (-101)/5 - (-1)/5. Let q = l - -29. What is the units digit of q?
9
Suppose -3*u + r - 47 = -4*u, -3*u = 2*r - 143. What is the units digit of u?
9
Suppose -2*c = -c - 2*s - 4, 3*c - 2*s + 4 = 0. What is the tens digit of c/(-8) + 35/2?
1
What is the tens digit of 3*(0 + 1) + 59?
6
Suppose 2*x = -5*n + 18, 0*n - 5*n = 4*x - 26. Suppose -43 = -x*m + 9. What is the tens digit of m?
1
Let w(z) = 7*z**2 + 2*z - 2. Let r be w(-2). Let m = r + -14. What is the units digit of m?
8
Let w(b) = -2*b**2 - 22*b - 10. What is the tens digit of w(-9)?
2
Let a = 319 - 92. What is the units digit of a?
7
Let c(l) = l**3 - l**2 - 5*l + 2. What is the units digit of c(5)?
7
Let c = -24 + 46. Let v = c - 13. What is the units digit of v?
9
Suppose -4*q + 39 = 15. Let s be (-52)/(-14) + q/21. Suppose w = s*w - 12. What is the units digit of w?
4
Let t(c) = c**2 - 8*c + 4. Let l be t(10). Let u = l - 10. What is the units digit of -1 + 1 + u/2?
7
Suppose -18 = -4*m + 2*m. Let u be -1*1 + m/3. Suppose -4*o - u*y = -32, -4*y = 4*o - 7*y - 22. What is the units digit of o?
7
Suppose v + 3*s - 19 = 0, -3*v + 0*s - 3*s + 81 = 0. What is the units digit of v?
1
Let w(b) = b + 21. Let j be w(-9). Suppose -4*o + t = -159 + 47, 0 = -3*t + j. What is the tens digit of o?
2
Suppose -54 = -5*l + 3*c, -5*l + l - 4